 of 324 and x.
18
Let k(m) = -234*m - 2302. Let o be k(-11). What is the greatest common factor of 85 and o?
17
Suppose -i + 7 = -129. Let b = i - 116. Suppose -5*t = -4 - 46. What is the highest common divisor of t and b?
10
Let t = -103 + 193. Let i = -9 + -6. Let w(j) = -2*j - 20. Let o be w(i). What is the highest common divisor of o and t?
10
Let f = 53 - 43. Suppose -222 = 7*w - f*w. Let x be (-8)/12*3 + w. Calculate the greatest common factor of x and 9.
9
Let v = -177 - -149. Let b(i) = i**3 + 29*i**2 + 19*i + 27. Let q be b(v). What is the highest common factor of q and 31?
31
Suppose -4*x + 9*x - 20 = 0. Suppose x*w + 7*i = 11*i + 1104, 0 = 5*w - 4*i - 1379. Calculate the greatest common factor of w and 220.
55
Suppose -70*s + 46816 = 9*s + 54*s. Calculate the greatest common factor of 4664 and s.
88
Let t = 4973 + -3560. Calculate the greatest common divisor of t and 27.
9
Let f(u) = -u**2 + 4. Let l be f(-4). Suppose 4*k = 247 - 95. Let t = k - l. What is the highest common factor of t and 20?
10
Suppose -3*b + 429 = -3084 + 552. What is the highest common factor of 28 and b?
7
Let x(p) = -69*p + 1923. Let z be x(23). Calculate the highest common divisor of z and 231.
21
Suppose 3*f + 12*f = -2250. Let p = f + 367. Calculate the highest common divisor of 7 and p.
7
Suppose 0 = -8*n + 5*n + 36. Let k be 12/72 + 406/n + 0. Let s = -31 + k. What is the highest common divisor of s and 3?
3
Suppose 0*c - 5*k + 42 = c, -2*k = 2*c - 68. Let m be 1*20*(-24)/c. Let f be -2*20/m*3. Calculate the greatest common factor of 12 and f.
4
Let f(o) = -o**2 + 35*o - 392. Let v be f(21). Let p = -4 + 6. Let d be (p/7)/((-7)/v). Calculate the highest common factor of 28 and d.
4
Let u = 158 - 161. Let n be (-7620)/(-14) - (u + 115/35). What is the highest common factor of n and 96?
32
Let h(p) = 2*p**3 + 13*p**2 - p + 13. Let m be h(-6). What is the greatest common factor of m and 90?
5
Let z be -7*9/6*-8. Suppose -4*j = 4*a - z, -4*a + 2 = -3*a. Let h = 143 - -66. Calculate the highest common factor of h and j.
19
Let u(t) = t + 178. Let d be u(33). Let z = d + -81. Calculate the highest common divisor of z and 156.
26
Let h = 7767 - 7591. Calculate the highest common factor of 296 and h.
8
Suppose 170 + 220 = 13*x. What is the greatest common factor of x and 2150?
10
Suppose 168*j = 165*j - 4*n + 76, -3*j + 13 = -5*n. Calculate the greatest common divisor of j and 20.
4
Suppose 0 = 6*y - 4*y + 8. Let q be (-6)/y*66/(-9)*-1. Suppose x = q*x - 1100. What is the greatest common divisor of x and 44?
22
Let a = 3358 - 1198. Calculate the highest common factor of a and 45.
45
Let v(a) = -216*a - 803. Let n be v(-4). What is the highest common divisor of 21167 and n?
61
Let t = 49416 + -34474. What is the highest common divisor of 62 and t?
62
Let o(a) = a**2 + 3*a - 28. Let n be o(7). Let m = -1431 + 1445. What is the greatest common divisor of n and m?
14
Let h = 468 - 698. Let b be (-14858)/h - 3/5. What is the highest common divisor of b and 8?
8
Suppose 3*t + 70 = 5*t - 2*g, t = -5*g + 17. Suppose 5*s - 729 = 431. Calculate the highest common factor of t and s.
8
Let z = 30111 + -30030. Calculate the greatest common divisor of 2061 and z.
9
Suppose 3*t + 70 = -3*h + 121, -4*t + 5*h = -23. What is the greatest common factor of 786 and t?
6
Suppose 9 = s - 4*q, -78*s + 77*s + 5*q + 4 = 0. What is the highest common divisor of s and 12209?
29
Suppose 77*x - 764 = -114*x. Let w = 186 + -128. Let l = w - x. Calculate the highest common factor of 18 and l.
18
Let d(f) = -133*f**3 - 2*f**2 - f + 2. Let l be d(1). Let q be -271 - -3 - (-3 + 1). Let c = l - q. Calculate the highest common divisor of c and 22.
22
Let h(y) = -2*y**3 + 3*y**2 + 4*y + 3. Suppose -3*x + 4 = 5*a - 10*a, x = a. Let z be h(a). Calculate the greatest common factor of z and 299.
23
Let f = -82 - -298. Suppose 0 = 219*g - f*g - 483. Calculate the highest common divisor of 7 and g.
7
Let v be -6 - (96/(-64))/(3/7948). What is the highest common factor of 16 and v?
16
Let u(g) be the second derivative of 5*g**3/3 + 611*g**2/2 + 392*g. Let c be u(-60). Let d be -2 + 15*1 + -2. What is the greatest common divisor of d and c?
11
Let d be 106355/105 + (-10)/(-105). Suppose 15*z - d = -248. Let l be (2 - -14*6) + -1. Calculate the greatest common divisor of z and l.
17
Let z = 138 - 134. Suppose -z*o + 3 + 49 = 0. Let n be 52/(-1)*(-27)/12. What is the highest common divisor of o and n?
13
Let q(b) = -3*b**3 + 2*b**2 - 17*b - 61. Let x be q(-3). Calculate the highest common divisor of x and 7.
1
Let x = -3858 - -11408. What is the greatest common divisor of 150 and x?
50
Let q(h) = 35*h + 128. Let b be q(8). Let x = b + -406. Let u(k) = -4*k. Let v be u(-4). What is the highest common factor of v and x?
2
Let n be 16/24 - (-40)/10*(-46)/(-12). Calculate the highest common divisor of n and 428.
4
Suppose -g - 33 = -5*u, g - 4 = -g. Suppose -u*c = 6*c - 39. Suppose 0 = -2*q - 2*q + 132. Calculate the greatest common divisor of q and c.
3
Let u(k) = -k**2 + 45*k - 268. Let v be u(7). Let i be (0 + 4/v)/((-28)/3626). Calculate the greatest common divisor of i and 37.
37
Suppose 3*l - 69 = -3*w, -w + 10*l = 15*l - 19. What is the highest common factor of w and 354?
6
Let h = 15750 + -14823. Calculate the highest common factor of h and 72.
9
Let g be (0 - (-8)/28) + (12240/(-14))/(-20). What is the greatest common factor of g and 3773?
11
Suppose 0 = -3*c + 5*l + 1787, 3*l + 175 = 199. Calculate the greatest common divisor of c and 3219.
87
Let s(v) = v**3 + 5*v**2 + 16*v + 154. Let c be s(-6). Calculate the greatest common factor of c and 473.
11
Suppose 7*x - 840 = x. Suppose 5*z = 4*q + 471 + x, 0 = -3*z + 5*q + 377. What is the highest common factor of z and 34?
17
Let f = -42 + 75. Suppose 3*i = -397 + 130. Let q = i - -100. Calculate the greatest common divisor of f and q.
11
Suppose 0 = 81*y - 78*y - 96. Suppose -17*h + y*h = 810. Calculate the highest common divisor of 864 and h.
54
Suppose 8*a = -61*a + 180918. What is the highest common factor of 19 and a?
19
Let v(w) = 24449*w**3 - 3*w**2 + 137*w - 136. Let a be v(1). What is the greatest common divisor of 87 and a?
87
Suppose -5*x + 500 + 3655 = 0. Suppose 0 = 3*y + 3*m - 489, -2*y = -7*y - m + x. Let j = y + -68. Calculate the highest common divisor of 11 and j.
11
Suppose -180 = -2*z - 3*x, -475*z + 480*z - 542 = 4*x. What is the greatest common divisor of 6154 and z?
34
Suppose -56*m - 2767 = -3215. Suppose -i + 16 = i. What is the greatest common factor of m and i?
8
Suppose -1542 = 36*n - 3558. Suppose -554 - 6 = -5*d. What is the greatest common factor of n and d?
56
Suppose 2*f = -61 + 161. Let y(g) = -22*g**2 - 595*g + 83. Let n be y(-27). Calculate the greatest common divisor of f and n.
10
Suppose r + 5*n = -2*r + 60, -3*r + 5*n + 60 = 0. Suppose -r*i + 2808 = -14*i. Let s = -180 + i. Calculate the greatest common factor of s and 32.
32
Suppose 126*p = 112*p + 319368. Calculate the highest common factor of p and 12.
12
Suppose 0 = 2*s - 6*s + 196. Suppose 32*m = 24*m + 64. Suppose -m*x - 179 + 2139 = 0. Calculate the greatest common divisor of s and x.
49
Let x(b) = -b**3 + 4*b**2 + 44*b - 41. Let m be x(12). Let g = m - -722. Calculate the greatest common factor of g and 171.
57
Suppose 3*h = u - 3*u, -h = -2*u + 16. Suppose 4*t = -u + 26. Suppose 3*q - 831 = t*n, -q - 2*n - 822 = -4*q. Calculate the highest common factor of q and 16.
16
Let c(k) = k + 13 - 9*k - 5*k - 2*k**2 - 17*k. Let w be c(-14). Suppose -9*h = -31 - w. Calculate the greatest common factor of h and 2.
2
Let c = -87160 - -87191. Let p = -3 - -4. Calculate the highest common divisor of c and p.
1
Let j(b) = 5*b**2 + 35*b - 11. Let s be j(-9). What is the highest common factor of 1027 and s?
79
Suppose 5*h = 15, 3*c + h - 48 = -18. Suppose c*a - 882 = 3*a. Suppose 3*r + 5*f = 2*r + 34, a = 5*r + 2*f. Calculate the highest common factor of r and 261.
29
Suppose 91*q - 80*q = 11682. What is the greatest common factor of q and 18?
18
Suppose -i + q + 9 = 2*q, 5*q = -i + 29. Suppose -i*r + 4*z + 42 = -30, 3*z + 92 = 5*r. Calculate the greatest common divisor of 38 and r.
19
Let j be 101*(-1)/(-2)*6. Let s = j - 114. Calculate the highest common divisor of s a